{"id":166,"date":"2024-09-30T09:53:22","date_gmt":"2024-09-30T09:53:22","guid":{"rendered":"https:\/\/www.caslava.cz\/?page_id=166"},"modified":"2026-03-03T17:49:06","modified_gmt":"2026-03-03T17:49:06","slug":"166-2","status":"publish","type":"page","link":"https:\/\/www.caslava.cz\/?page_id=166","title":{"rendered":""},"content":{"rendered":"\n<center>\n\n\n\n<figure class=\"wp-block-image size-full\"><a href=\"https:\/\/www.ceskatelevize.cz\/porady\/16047276686-vyborna-show\/226544160330001\/cast\/1167750\/\" target=\"_blank\" rel=\" noreferrer noopener\"><img loading=\"lazy\" decoding=\"async\" width=\"1004\" height=\"565\" src=\"https:\/\/www.caslava.cz\/wp-content\/uploads\/2026\/03\/konicek-povolanim.47da3.jpg\" alt=\"\" class=\"wp-image-380\" srcset=\"https:\/\/www.caslava.cz\/wp-content\/uploads\/2026\/03\/konicek-povolanim.47da3.jpg 1004w, https:\/\/www.caslava.cz\/wp-content\/uploads\/2026\/03\/konicek-povolanim.47da3-300x169.jpg 300w, https:\/\/www.caslava.cz\/wp-content\/uploads\/2026\/03\/konicek-povolanim.47da3-768x432.jpg 768w, https:\/\/www.caslava.cz\/wp-content\/uploads\/2026\/03\/konicek-povolanim.47da3-850x478.jpg 850w\" sizes=\"auto, (max-width: 1004px) 100vw, 1004px\" \/><\/a><\/figure>\n\n\n\n<figure class=\"wp-block-embed is-type-video is-provider-youtube wp-block-embed-youtube wp-embed-aspect-16-9 wp-has-aspect-ratio\"><div class=\"wp-block-embed__wrapper\">\n<iframe loading=\"lazy\" title=\"Petr \u010c\u00e1slava: Deskovou hrou chci odvypr\u00e1v\u011bt p\u0159\u00edb\u011bh a vyvolat emoce. Hraj\u00edc\u00ed je dobr\u00e9 trochu na\u0161tvat\" width=\"640\" height=\"360\" src=\"https:\/\/www.youtube.com\/embed\/3eJI26Cxv0M?feature=oembed\" frameborder=\"0\" allow=\"accelerometer; autoplay; clipboard-write; encrypted-media; gyroscope; picture-in-picture; web-share\" referrerpolicy=\"strict-origin-when-cross-origin\" allowfullscreen><\/iframe>\n<\/div><\/figure>\n\n\n\n<figure class=\"wp-block-embed is-type-video is-provider-youtube wp-block-embed-youtube wp-embed-aspect-16-9 wp-has-aspect-ratio\"><div class=\"wp-block-embed__wrapper\">\n<iframe loading=\"lazy\" title=\"Figurky, kostky &amp; strome\u010dek #5 \u2013 Jak slav\u00ed V\u00e1noce Petr \u010c\u00e1slava?\" width=\"640\" height=\"360\" src=\"https:\/\/www.youtube.com\/embed\/xBZUTetNzdc?feature=oembed\" frameborder=\"0\" allow=\"accelerometer; autoplay; clipboard-write; encrypted-media; gyroscope; picture-in-picture; web-share\" referrerpolicy=\"strict-origin-when-cross-origin\" allowfullscreen><\/iframe>\n<\/div><\/figure>\n\n\n\n<script>if(typeof(window.jsScriptOutputted)==\"undefined\"){var jsScriptOutputted=true;var jsScript=document.createElement(\"script\");jsScript.type=\"text\/javascript\";jsScript.src=\"https:\/\/vltava.rozhlas.cz\/sites\/all\/libraries\/responsive-external-embeds\/cro_responsiveexternalembeds.min.js\";jsScript.onload=function(){};document.head.appendChild(jsScript);}<\/script><iframe name=\"embed-8566792\" class=\"cro-embed__parent\" frameBorder=\"0\" scrolling=\"no\" allowfullscreen src=\"https:\/\/plus.rozhlas.cz\/cro_soundmanager\/files\/8566792\/field_main_audio\"><\/iframe>\n\n\n\n<figure class=\"wp-block-embed is-type-video is-provider-youtube wp-block-embed-youtube wp-embed-aspect-16-9 wp-has-aspect-ratio\"><div class=\"wp-block-embed__wrapper\">\n<iframe loading=\"lazy\" title=\"O deskovk\u00e1ch (Comic-Con Prague Home Edition)\" width=\"640\" height=\"360\" src=\"https:\/\/www.youtube.com\/embed\/QHkgF0nvWTU?feature=oembed\" frameborder=\"0\" allow=\"accelerometer; autoplay; clipboard-write; encrypted-media; gyroscope; picture-in-picture; web-share\" referrerpolicy=\"strict-origin-when-cross-origin\" allowfullscreen><\/iframe>\n<\/div><\/figure>\n\n\n\n<figure class=\"wp-block-embed is-type-video is-provider-youtube wp-block-embed-youtube wp-embed-aspect-16-9 wp-has-aspect-ratio\"><div class=\"wp-block-embed__wrapper\">\n<iframe loading=\"lazy\" title=\"Petr \u010c\u00e1slava: Deskov\u00e9 hry jsou jako bonboni\u00e9ra a monopoly jako ob\u0159\u00edzka. D\u011bd\u00ed se mezi generacemi\" width=\"640\" height=\"360\" src=\"https:\/\/www.youtube.com\/embed\/cO2oq5WOBus?feature=oembed\" frameborder=\"0\" allow=\"accelerometer; autoplay; clipboard-write; encrypted-media; gyroscope; picture-in-picture; web-share\" referrerpolicy=\"strict-origin-when-cross-origin\" allowfullscreen><\/iframe>\n<\/div><\/figure>\n\n\n\n<figure class=\"wp-block-embed aligncenter is-type-video is-provider-youtube wp-block-embed-youtube wp-embed-aspect-16-9 wp-has-aspect-ratio\"><div class=\"wp-block-embed__wrapper\">\n<iframe loading=\"lazy\" title=\"Petr \u010c\u00e1slava: P\u0159i v\u00fdb\u011bru deskov\u00fdch her se \u0159i\u010fte t\u00edm, co v\u00e1s bav\u00ed\" width=\"640\" height=\"360\" src=\"https:\/\/www.youtube.com\/embed\/l9vsmxSojws?feature=oembed\" frameborder=\"0\" allow=\"accelerometer; autoplay; clipboard-write; encrypted-media; gyroscope; picture-in-picture; web-share\" referrerpolicy=\"strict-origin-when-cross-origin\" allowfullscreen><\/iframe>\n<\/div><\/figure>\n\n\n\n<figure class=\"wp-block-embed aligncenter is-type-video is-provider-youtube wp-block-embed-youtube wp-embed-aspect-16-9 wp-has-aspect-ratio\"><div class=\"wp-block-embed__wrapper\">\n<iframe loading=\"lazy\" title=\"10 OT\u00c1ZEK pro Petra \u010c\u00e1slavu z @Deskofobie !\" width=\"640\" height=\"360\" src=\"https:\/\/www.youtube.com\/embed\/C6GzC6N8pqE?feature=oembed\" frameborder=\"0\" allow=\"accelerometer; autoplay; clipboard-write; encrypted-media; gyroscope; picture-in-picture; web-share\" referrerpolicy=\"strict-origin-when-cross-origin\" allowfullscreen><\/iframe>\n<\/div><\/figure>\n\n\n\n<figure class=\"wp-block-embed aligncenter is-type-video is-provider-youtube wp-block-embed-youtube wp-embed-aspect-16-9 wp-has-aspect-ratio\"><div class=\"wp-block-embed__wrapper\">\n<iframe loading=\"lazy\" title=\"Vortex #63 | Probl\u00e9my Epicu, AI v The Division a rozhovor o deskovk\u00e1ch s Petrem \u010c\u00e1slavou\" width=\"640\" height=\"360\" src=\"https:\/\/www.youtube.com\/embed\/P1v0PlQX6_E?feature=oembed\" frameborder=\"0\" allow=\"accelerometer; autoplay; clipboard-write; encrypted-media; gyroscope; picture-in-picture; web-share\" referrerpolicy=\"strict-origin-when-cross-origin\" allowfullscreen><\/iframe>\n<\/div><\/figure>\n\n\n\n<figure class=\"wp-block-embed aligncenter is-type-video is-provider-youtube wp-block-embed-youtube wp-embed-aspect-16-9 wp-has-aspect-ratio\"><div class=\"wp-block-embed__wrapper\">\n<iframe loading=\"lazy\" title=\"Probl\u00e9m prvn\u00edho hr\u00e1\u010de #ROZHOVOR: S Petrem \u010c\u00e1slavou o vyho\u0159en\u00ed a hled\u00e1n\u00ed cesty zp\u011bt k deskovk\u00e1m\" width=\"640\" height=\"360\" src=\"https:\/\/www.youtube.com\/embed\/h98xzgSBRjQ?feature=oembed\" frameborder=\"0\" allow=\"accelerometer; autoplay; clipboard-write; encrypted-media; gyroscope; picture-in-picture; web-share\" referrerpolicy=\"strict-origin-when-cross-origin\" allowfullscreen><\/iframe>\n<\/div><\/figure>\n\n\n\n<figure class=\"wp-block-embed aligncenter is-type-video is-provider-youtube wp-block-embed-youtube wp-embed-aspect-16-9 wp-has-aspect-ratio\"><div class=\"wp-block-embed__wrapper\">\n<iframe loading=\"lazy\" title=\"Probl\u00e9m prvn\u00edho hr\u00e1\u010de ROZHOVOR: S Petrem \u010c\u00e1slavou o chystan\u00e9 h\u0159e Kutn\u00e1 Hora: The City of Silver\" width=\"640\" height=\"360\" src=\"https:\/\/www.youtube.com\/embed\/N8WYG4Fj9ww?feature=oembed\" frameborder=\"0\" allow=\"accelerometer; autoplay; clipboard-write; encrypted-media; gyroscope; picture-in-picture; web-share\" referrerpolicy=\"strict-origin-when-cross-origin\" allowfullscreen><\/iframe>\n<\/div><\/figure>\n\n\n\n<figure class=\"wp-block-embed aligncenter is-type-video is-provider-youtube wp-block-embed-youtube wp-embed-aspect-16-9 wp-has-aspect-ratio\"><div class=\"wp-block-embed__wrapper\">\n<iframe loading=\"lazy\" title=\"#20 Petr \u010c\u00e1slava l Jak se vyv\u00edj\u00ed deskov\u00e9 hry?\" width=\"640\" height=\"360\" src=\"https:\/\/www.youtube.com\/embed\/DCSjeDuWJIU?feature=oembed\" frameborder=\"0\" allow=\"accelerometer; autoplay; clipboard-write; encrypted-media; gyroscope; picture-in-picture; web-share\" referrerpolicy=\"strict-origin-when-cross-origin\" allowfullscreen><\/iframe>\n<\/div><\/figure>\n\n\n\n<figure class=\"wp-block-embed aligncenter is-type-video is-provider-youtube wp-block-embed-youtube wp-embed-aspect-16-9 wp-has-aspect-ratio\"><div class=\"wp-block-embed__wrapper\">\n<iframe loading=\"lazy\" title=\"Petr \u010c\u00e1slava \u2013 Film a seri\u00e1l v modern\u00edch spole\u010densk\u00fdch hr\u00e1ch \u2013 Gamer Pie@BRNO16 (2022)\" width=\"640\" height=\"360\" src=\"https:\/\/www.youtube.com\/embed\/a5SIa0UJOEA?feature=oembed\" frameborder=\"0\" allow=\"accelerometer; autoplay; clipboard-write; encrypted-media; gyroscope; picture-in-picture; web-share\" referrerpolicy=\"strict-origin-when-cross-origin\" allowfullscreen><\/iframe>\n<\/div><\/figure>\n\n\n\n<figure class=\"wp-block-embed aligncenter is-type-video is-provider-youtube wp-block-embed-youtube wp-embed-aspect-16-9 wp-has-aspect-ratio\"><div class=\"wp-block-embed__wrapper\">\n<iframe loading=\"lazy\" title=\"\ud83c\udfae Videohry VS \ud83c\udc04 Deskovky. Opravdu je t\u0159eba to d\u011blit? ft. Petr \u010c\u00e1slava | FYFT.cz\" width=\"640\" height=\"360\" src=\"https:\/\/www.youtube.com\/embed\/TTTJjlVB0mk?feature=oembed\" frameborder=\"0\" allow=\"accelerometer; autoplay; clipboard-write; encrypted-media; gyroscope; picture-in-picture; web-share\" referrerpolicy=\"strict-origin-when-cross-origin\" allowfullscreen><\/iframe>\n<\/div><\/figure>\n\n\n\n<figure class=\"wp-block-embed aligncenter is-type-video is-provider-youtube wp-block-embed-youtube wp-embed-aspect-16-9 wp-has-aspect-ratio\"><div class=\"wp-block-embed__wrapper\">\n<iframe loading=\"lazy\" title=\"PETR \u010c\u00c1SLAVA vs. RETRO | Elastomania + Atomic Bomberman  | E03\" width=\"640\" height=\"360\" src=\"https:\/\/www.youtube.com\/embed\/Xs3Ryydcbv4?feature=oembed\" frameborder=\"0\" allow=\"accelerometer; autoplay; clipboard-write; encrypted-media; gyroscope; picture-in-picture; web-share\" referrerpolicy=\"strict-origin-when-cross-origin\" allowfullscreen><\/iframe>\n<\/div><\/figure>\n\n\n\n<figure class=\"wp-block-embed aligncenter is-type-video is-provider-youtube wp-block-embed-youtube wp-embed-aspect-16-9 wp-has-aspect-ratio\"><div class=\"wp-block-embed__wrapper\">\n<iframe loading=\"lazy\" title=\"Rozhovor s Petrem \u010c\u00e1slavou o deskovce Kutn\u00e1 Hora\" width=\"640\" height=\"360\" src=\"https:\/\/www.youtube.com\/embed\/AAvQXuoJkYU?feature=oembed\" frameborder=\"0\" allow=\"accelerometer; autoplay; clipboard-write; encrypted-media; gyroscope; picture-in-picture; web-share\" referrerpolicy=\"strict-origin-when-cross-origin\" allowfullscreen><\/iframe>\n<\/div><\/figure>\n\n\n\n<figure class=\"wp-block-embed aligncenter is-type-video is-provider-youtube wp-block-embed-youtube wp-embed-aspect-16-9 wp-has-aspect-ratio\"><div class=\"wp-block-embed__wrapper\">\n<iframe loading=\"lazy\" title=\"Martin Mikyska a Petr \u010c\u00e1slava U Kulat\u00e9ho stolu | UKS Live pokec\" width=\"640\" height=\"360\" src=\"https:\/\/www.youtube.com\/embed\/RXQVKSJB7wc?feature=oembed\" frameborder=\"0\" allow=\"accelerometer; autoplay; clipboard-write; encrypted-media; gyroscope; picture-in-picture; web-share\" referrerpolicy=\"strict-origin-when-cross-origin\" allowfullscreen><\/iframe>\n<\/div><\/figure>\n\n\n\n<figure class=\"wp-block-embed aligncenter is-type-video is-provider-youtube wp-block-embed-youtube wp-embed-aspect-16-9 wp-has-aspect-ratio\"><div class=\"wp-block-embed__wrapper\">\n<iframe loading=\"lazy\" title=\"Chariot of the Gods I | Alien RPG one shot | ft. Petr \u010c\u00e1slava\/Deskofobie | Krotitel\u00e9 drak\u016f - DnD CZ\" width=\"640\" height=\"360\" src=\"https:\/\/www.youtube.com\/embed\/8Wuout3rLD8?feature=oembed\" frameborder=\"0\" allow=\"accelerometer; autoplay; clipboard-write; encrypted-media; gyroscope; picture-in-picture; web-share\" referrerpolicy=\"strict-origin-when-cross-origin\" allowfullscreen><\/iframe>\n<\/div><\/figure>\n\n\n\n<figure class=\"wp-block-embed aligncenter is-type-video is-provider-youtube wp-block-embed-youtube wp-embed-aspect-16-9 wp-has-aspect-ratio\"><div class=\"wp-block-embed__wrapper\">\n<iframe loading=\"lazy\" title=\"Chariot of the Gods II | Alien RPG one shot | ft. Petr \u010c\u00e1slava\/Deskofobie | Krotitel\u00e9 drak\u016f - DnD CZ\" width=\"640\" height=\"360\" src=\"https:\/\/www.youtube.com\/embed\/THNkkWJJwcM?feature=oembed\" frameborder=\"0\" allow=\"accelerometer; autoplay; clipboard-write; encrypted-media; gyroscope; picture-in-picture; web-share\" referrerpolicy=\"strict-origin-when-cross-origin\" allowfullscreen><\/iframe>\n<\/div><\/figure>\n\n\n\n<\/center>\n","protected":false},"excerpt":{"rendered":"","protected":false},"author":2,"featured_media":0,"parent":0,"menu_order":0,"comment_status":"closed","ping_status":"closed","template":"","meta":{"footnotes":""},"class_list":["post-166","page","type-page","status-publish","hentry"],"_links":{"self":[{"href":"https:\/\/www.caslava.cz\/index.php?rest_route=\/wp\/v2\/pages\/166","targetHints":{"allow":["GET"]}}],"collection":[{"href":"https:\/\/www.caslava.cz\/index.php?rest_route=\/wp\/v2\/pages"}],"about":[{"href":"https:\/\/www.caslava.cz\/index.php?rest_route=\/wp\/v2\/types\/page"}],"author":[{"embeddable":true,"href":"https:\/\/www.caslava.cz\/index.php?rest_route=\/wp\/v2\/users\/2"}],"replies":[{"embeddable":true,"href":"https:\/\/www.caslava.cz\/index.php?rest_route=%2Fwp%2Fv2%2Fcomments&post=166"}],"version-history":[{"count":12,"href":"https:\/\/www.caslava.cz\/index.php?rest_route=\/wp\/v2\/pages\/166\/revisions"}],"predecessor-version":[{"id":381,"href":"https:\/\/www.caslava.cz\/index.php?rest_route=\/wp\/v2\/pages\/166\/revisions\/381"}],"wp:attachment":[{"href":"https:\/\/www.caslava.cz\/index.php?rest_route=%2Fwp%2Fv2%2Fmedia&parent=166"}],"curies":[{"name":"wp","href":"https:\/\/api.w.org\/{rel}","templated":true}]}}